*n**q - 5*n**3 - n + 1. Suppose -4*z = 0, -1 + 3 = 2*v + 4*z. What is b(v)?
-6
Suppose -l + 20 = 4*l. Suppose -l = 3*t + 2. Let k(o) = o**2 + o - 1. Determine k(t).
1
Let i(j) be the second derivative of j**4/12 - 4*j**3/3 - j**2 - 88*j. Let y(s) = s. Let d be y(6). What is i(d)?
-14
Let c(u) be the second derivative of 0 - 2*u**2 - 1/3*u**3 + 4*u + 1/20*u**5 + 1/4*u**4. Determine c(-3).
2
Let b be -1 - -5 - 0/8. Let v(w) be the third derivative of 0*w + 0 - 1/24*w**b + 1/3*w**3 - 2*w**2. Determine v(-2).
4
Let a(h) = -h - 5. Let b(s) = 0 + 2 - 2 - 1. Let u(i) = a(i) - 6*b(i). Give u(6).
-5
Suppose 0 = -4*q - 2 + 14. Let s be (1/2)/(3/(-24)). Let m(d) = -4*d - 1. Let t(k) = 3*k. Let h(b) = s*m(b) - 5*t(b). Determine h(q).
7
Let i(y) be the third derivative of y**4/12 + 2*y**3/3 + 13*y**2. Determine i(-3).
-2
Suppose 12*h = 4 - 16. Let t(n) = -3*n - 1. Give t(h).
2
Let d(o) = -o**2 + 3. Suppose -3*h = 3*m - 7*h - 3, -15 = 5*h. What is d(m)?
-6
Let a(n) = 4 - n**3 + 0*n**2 - 6*n**2 - 1 - 5*n. Suppose -7*v + 9*v + x + 8 = 0, 4*v - 4*x + 28 = 0. What is a(v)?
3
Suppose -12 = -5*l + 4*s, -s = l - 3*l + 6. Suppose 5*i - l*i + 5 = 0. Let c(d) = -2*d - 4. What is c(i)?
6
Let v(z) be the third derivative of -z**4/12 - z**3/3 + z**2. Let n = -3 + 2. Let c = -4 - n. Calculate v(c).
4
Let l(w) be the third derivative of w**5/60 - 7*w**4/24 + w**3 + 5*w**2. Determine l(5).
-4
Let y(l) = l**3 + 9. Let q be y(0). Let x(h) = h - 8. Give x(q).
1
Let f be (0 + -1)*(0 + -4). Let w = f - 0. Let h(j) = 3 - 9*j + 3*j + 1 + 5*j**2 - w*j**2. What is h(5)?
-1
Let q(o) = 2*o - 8. Let f = -40 + 46. Give q(f).
4
Let g(y) = 5*y**3 - 15*y**2 + 3*y - 3. Let k(l) = 2*l**3 - 7*l**2 + 2*l - 2. Let i(a) = 3*g(a) - 7*k(a). Give i(-5).
5
Let u be -2 + (-20)/(-70) + 18/(-14). Let h(t) = -t + 2. Give h(u).
5
Let l(u) be the second derivative of -u**5/20 - u**4/3 - u**3/6 + u**2/2 - 4*u. Determine l(-3).
-5
Let l(m) = -9*m + 5*m + 2*m + m. Determine l(0).
0
Let h(d) = 4*d - 1. Let z(q) = -7*q + 2. Let w(s) = -9*h(s) - 4*z(s). What is w(-1)?
9
Let g(u) = u**2 + 5*u - 5. Let w(s) = s**2 + 6*s - 4. Let b(v) = 3*g(v) - 2*w(v). Give b(-6).
11
Let o(q) = -2*q**3 - 3*q**2 - 3*q - 2. Let b(d) = d**2 + 8*d + 6. Let f be b(-4). Let z be (1/(-2))/(5/f). Suppose z - 3 = j. Determine o(j).
8
Let x(m) = -6*m**2 + 5*m**2 - 7*m**2 - 6 - 12*m + m**3 - 2*m**2. Give x(11).
-17
Let r(a) = a**3 + 8*a**2 - 2*a - 11. Let h = 59 - 67. What is r(h)?
5
Let z(t) = -2*t + 2. Let b(g) = g - 12. Let i be b(7). What is z(i)?
12
Suppose 0 = -i - 2*t - 11, 36 = -5*i - 5*t - 4. Let u(x) = x**2 + 3*x - 7. Calculate u(i).
3
Let j(w) = 0*w - 1 - 3 + w. Suppose -5*g + 0*b - 4*b + 34 = 0, -g - 2*b = -8. What is j(g)?
2
Let p(u) = 3*u**2 - 1. Let y(v) = 4*v + 15. Let i be y(-4). Give p(i).
2
Let y(n) = n**2 - 4. Let r be y(-3). Let u be r/2*(-8)/(-10). Let k(q) = -u*q**2 + 2*q**3 - 3*q**3 - 5 - q + 2*q**3 + 3*q**2. Determine k(0).
-5
Let z be ((-8)/6)/((-10)/(-15)). Let p(r) = r**3 + 2*r**2 - r. What is p(z)?
2
Suppose -2 = -c + 3*k, 5*c - 5*k + 2*k - 10 = 0. Let f(h) = h**c + 2 + 4*h + 0*h**2 + 0. Let n be f(-3). Let g(w) = 6*w**2 - w. What is g(n)?
7
Let n(m) be the first derivative of m**3/3 - 9*m**2/2 + 10*m + 7. Calculate n(8).
2
Let x(g) = -g + 8. Let q(s) = -s**2 + 29*s - 47. Let m be q(27). Determine x(m).
1
Let g be 15/3 + -2 - 2. Let f(d) = -10*d + 7. Let j(p) = -5*p + 3. Let l(b) = 2*f(b) - 5*j(b). Calculate l(g).
4
Suppose -2*t = -0*a + 5*a + 26, 5*a + 5*t + 20 = 0. Let n(g) = -g - 8. What is n(a)?
-2
Let m(q) = 7 - 2*q**2 - 4 + 3*q - 2. Determine m(3).
-8
Let c(j) = -2 - 3*j - 3 + 3 + 4*j. Give c(8).
6
Let y be 2 - 4 - -7*1. Let x(u) = -1 + 3*u**3 + 3*u**2 - 5*u - 4*u**3 - y + 2*u**3. Calculate x(-4).
-2
Let b(q) be the third derivative of q**6/60 - q**5/60 - q**3/3 + 8*q**2. What is b(2)?
10
Let j(q) = 4*q + 6 - 5*q - 18 + 7. Give j(4).
-9
Let x(o) = -30*o - 4. Let a(v) = 10*v + 1. Let m(u) = 10*a(u) + 3*x(u). Calculate m(2).
18
Let q(z) = -z**3 + z - 1. Suppose 3*o = -2*r + 6 + 2, -2 = -3*o - 5*r. Suppose -24 = 2*b - 5*i, -b + 2*i - o*i + 6 = 0. Determine q(b).
5
Suppose -b - 24 = -5*q, 0*b - 3*q = 5*b - 20. Let f(o) = -3*o**2 + 9. Let g(p) = -2*p**2 + 5. Let t(a) = 5*f(a) - 9*g(a). Give t(b).
3
Let q(r) = -5*r - r**2 - 5 + 3 - 1. Let g = -76 + 71. Give q(g).
-3
Suppose 2*n + 4*n = 6. Let b(r) = r**2 - 2*r. Calculate b(n).
-1
Suppose 7*s - 3*s = -20, 3*s + 20 = 5*y. Let x(n) = y - 2 - 3*n - 2. Calculate x(3).
-12
Let g(u) = 1 - 5 + 8*u + 4 + 1. Calculate g(-1).
-7
Let v = 1 + -6. Let n = v + 6. Let g(r) = -3*r**3 + r**2 - 1. Determine g(n).
-3
Suppose -v + 30 = -5*c + 4, 3*v + 2*c + 7 = 0. Suppose 0 = -a - q + 1 + 5, q = 5*a. Let o(j) = -j**2 - a - 1 + 1. Determine o(v).
-2
Suppose 1 = t - u, -t + 2*u = -4*t + 13. Suppose 2*z = x - t, -z + 0*z = x. Let f(m) = 6*m**3 + 2*m**2 - 1. Determine f(x).
7
Let w(t) = -t**3 + 8*t**2 + 2. Let b be w(8). Let p(f) = f + f**b - f - 2. Let g = 127 + -129. Calculate p(g).
2
Let v(u) = 2*u - 3*u + 2*u. Let y(n) = -2*n + 1. Let m be y(1). Let r = 0 + m. Give v(r).
-1
Let a(n) = n**2 - n - 7. Let g(o) = o - 2. Let p(z) = -z**3 + 12*z**2 + 13*z + 2. Let j be p(13). Let k be g(j). Calculate a(k).
-7
Let p(k) = 1 + 0*k - 2*k + 3*k. Suppose 0 = 3*b - 9*b - 12. What is p(b)?
-1
Let d = 15 + -16. Let r(s) = -2*s**3 - 2*s**3 - s**2 + 5*s**3. Calculate r(d).
-2
Let a(n) = 1 - 27*n + 24*n - 2*n**2 - 2. Calculate a(-2).
-3
Let z(u) = -2*u. Let d = 24 - 25. What is z(d)?
2
Let v = 9 + -6. Let j(r) = 4*r**2 - 2*r**3 - v*r**2 - 2*r + 1 + 0. What is j(1)?
-2
Suppose 3*c - 51 = 4*h - 2*h, 0 = 5*h - 2*c + 133. Let y be (h/18)/((-2)/8). Let g(v) = v**2 - 6*v + 3. Calculate g(y).
3
Suppose -f - 8 = 16. Let g = f - -24. Let y(w) = w**3 - w**2 + 8. Determine y(g).
8
Let b(i) be the first derivative of i**3/3 + 2*i**2 + 3*i - 17. Suppose 2*l = 3*l + 2. Determine b(l).
-1
Let g = 13 + -8. Let o(x) = 0*x**2 - 6*x**2 - 2*x**3 - 4*x + g + x**3. Determine o(-4).
-11
Let o(l) = l - 12. Suppose -4*z - 20 = 5*n - 81, -22 = -3*z + n. Determine o(z).
-3
Let a(h) = 812*h - 7 + 3 - 821*h + h**2. What is a(10)?
6
Let b be 5/(-4)*-4*1. Let f(w) be the first derivative of -w**4/4 + 2*w**3 - 3*w**2 + 7*w + 7. Calculate f(b).
2
Let m(d) be the second derivative of -d**3/3 + 2*d**2 - 3*d. Determine m(6).
-8
Let r(l) be the second derivative of l**3/6 - 5*l**2/2 + 2*l. Suppose 0 = k + 2*k - 15. Give r(k).
0
Suppose 2*m = k + 2, -k = -4*m - 2*k + 10. Let l(g) = -11*g**2 - 3*g**3 + 2*g**3 + 6 - g + 12*g**m. Give l(0).
6
Let n be ((-287)/21 - -5)/((-2)/(-3)). Let b(t) = -t - 16. Give b(n).
-3
Let c(a) = 6*a - 7. Let y(o) = 18*o - 20. Let k(f) = 11*c(f) - 4*y(f). Give k(2).
-9
Let q(g) be the third derivative of g**4/24 + 11*g**3/6 - 3*g**2. Let s be q(-9). Let d(h) = 0 + h**2 + s + 6*h**3 - 2 - 1 - h. What is d(-1)?
-5
Let u be 4/3 - (-3 - -4). Let k(z) be the first derivative of 6*z - u*z**3 - 1 + 3/2*z**2. Determine k(5).
-4
Let c(d) = -d**2 - 6*d - 6. Let o be (-1 + -3)*(-15)/(-20). Let r(f) = -f**2 - 4*f - 1. Let z be r(o). Suppose -5 = z*q - q. What is c(q)?
-1
Let h(z) = z**2 - z - 2. Let p be h(3). Let f(r) = -4*r**3 + 2*r + 1. Let x be f(-1). Let y(b) = -1 - 2*b - x*b**2 + 2*b**2 - p*b. Give y(-4).
7
Let d(j) = j - 1. Let h be d(6). Suppose -38 = h*z - 13. Let a(q) be the third derivative of -q**6/120 - q**5/12 - q**4/24 + q**3/6 + q**2. Give a(z).
6
Let l(n) = -6 - n + 2 + 4 + 2. Calculate l(3).
-1
Let a(f) be the first derivative of -f**4/4 + f**3/3 + f**2 + f - 32. Give a(-1).
1
Suppose 241 = 19*k + 51. Let c(u) = -u**2 + 10*u - 6. Give c(k).
-6
Let l(r) = 3 + r + 3 - 6 + 6*r**2. Let m be -1*(-4)/(-2) - -3. Calculate l(m).
7
Suppose 0 - 2 = -4*y - 2*r, 3*y = -5*r - 9. Let u(m) = -6*m**y - 4*m**2 + 3 - 5*m - 11 + 11*m**2. Give u(6).
-2
Let l(q) = q**2 - q. Let v(o) = o**2 - 4*o - 1. Let s(u) = -2*l(u) + v(u). What is s(-1)?
0
Let k(t) = 2 - 2*t**2 + 2*t**2 + t**2 + 5*t. Let u(s) = -s**3 + 3*s**2 - s - 3. Let p be u(3). Give k(p).
8
Let y(l) = 3*l**2 - 2*l + 4. Let s(v) = -7*v**2 + 4*v - 8. Let p(d) = -4*s(d) - 9*y(d). Calculate p(-4).
4
Suppose 6 + 26 = 4*b. Suppose -3*t - b - 7 = 0. Let n(i) = i**2 + 5*i - 4. What is n(t)?
-4
Suppose 3*l - 5 = -4*t, -2*l - 40 = 3*l - 3*t. Let m(c) = 4*c**2 - c + 5. Let